{"id":1770,"date":"2013-05-09T12:26:22","date_gmt":"2013-05-09T10:26:22","guid":{"rendered":"http:\/\/extrahot-bordercollies.de\/?page_id=1770"},"modified":"2017-02-22T14:43:51","modified_gmt":"2017-02-22T12:43:51","slug":"spice-sport","status":"publish","type":"page","link":"https:\/\/extrahot-bordercollies.de\/?page_id=1770","title":{"rendered":"Spice Sport"},"content":{"rendered":"<p>[av_section color=&#8217;main_color&#8216; custom_bg=&#8220; src=&#8220; position=&#8217;top left&#8216; repeat=&#8217;no-repeat&#8216; attach=&#8217;scroll&#8216; padding=&#8217;default&#8216; shadow=&#8217;no-shadow&#8216;]<br \/>\n[av_one_half first]<\/p>\n<p>[av_image src=&#8217;http:\/\/extrahot-bordercollies.de\/wp-content\/uploads\/2012\/11\/Spicy_DOS-186&#215;300.jpg&#8216; attachment=&#8217;1344&#8242; attachment_size=&#8217;medium&#8216; align=&#8217;center&#8216; animation=&#8217;no-animation&#8216; link=&#8220; target=&#8220; styling=&#8220; caption=&#8220; font_size=&#8220; appearance=&#8220;]<br \/>\nCrufts 2014<br \/>\n[\/av_image]<\/p>\n<p>[av_image src=&#8217;http:\/\/extrahot-bordercollies.de\/wp-content\/uploads\/2013\/05\/20110313_151049-200&#215;300.jpg&#8216; attachment=&#8217;1775&#8242; attachment_size=&#8217;medium&#8216; align=&#8217;center&#8216; animation=&#8217;no-animation&#8216; link=&#8220; target=&#8220; styling=&#8220; caption=&#8220; font_size=&#8220; appearance=&#8217;on-hover&#8216;]<br \/>\nCrufts 2011<br \/>\n[\/av_image]<\/p>\n<p>[av_image src=&#8217;http:\/\/extrahot-bordercollies.de\/wp-content\/uploads\/2013\/05\/IMG_5115-200&#215;300.jpg&#8216; attachment=&#8217;2385&#8242; attachment_size=&#8217;medium&#8216; align=&#8217;center&#8216; animation=&#8217;no-animation&#8216; link=&#8220; target=&#8220; styling=&#8220; caption=&#8220; font_size=&#8220; appearance=&#8220;]<br \/>\nCrufts 2014<br \/>\n[\/av_image]<\/p>\n<p>[\/av_one_half][av_one_half]<\/p>\n<p>[av_textblock size=&#8220; font_color=&#8220; color=&#8220;]<br \/>\nIm Sport ist Spicy ein Traum!<\/p>\n<p>Ich trainiere Spice im Obedience und ihr bedingungsloses Engagement, ihre Motivation und Konzentrationsf\u00e4higkeit lassen jedes Training Spa\u00df machen. Sie ist von Anfang an aufmerksam, reaktionsschnell und ausdauernd. Sie liebt ihre Aufgaben, kann gut mit Frust umgehen und auch unter gro\u00dfer Ablenkung zuverl\u00e4ssig arbeiten.<\/p>\n<p>Ich f\u00fchre Spicy nur auf wenigen Pr\u00fcfungen und das wird auch so bleiben, da unser Schwerpunkt im englischen Obedience liegt und wir die weiten Strecken nur fahren, wenn auch alles gut klappt.<br \/>\nAuch unter Pr\u00fcfungsatmosph\u00e4re arbeitet sie absolut zuverl\u00e4ssig und leidenschaftlich. Ich hatte noch bei keinem meiner Hunde so sehr das Gef\u00fchl, dass ich mich darauf verlassen kann, dass alles klappt.<br \/>\n[\/av_textblock]<\/p>\n<p>[av_textblock size=&#8220; font_color=&#8220; color=&#8220;]<br \/>\n<strong>Spicy&#8217;s Pr\u00fcfungsergebnisse im FCI Obedience<\/strong><\/p>\n<p>OB Beginner &#8211; <strong>Vorz\u00fcglich<\/strong><\/p>\n<p>OB Klasse 1 \u00a0 &#8211; <strong>Vorz\u00fcglich<\/strong><\/p>\n<p><strong>Spicy&#8217;s Pr\u00fcfungsergebnisse im UK Obedience<\/strong><\/p>\n<p>Pre-Beginners: <strong>1. Platz<\/strong><br \/>\nBeginners: \u00a0 \u00a0 \u00a0 \u00a0 <strong>1. Platz<\/strong><br \/>\nNovice: \u00a0 \u00a0 \u00a0 \u00a0 \u00a0 \u00a0 <strong>\u00a0 2 x 1. Platz<\/strong><br \/>\nA: \u00a0 \u00a0 \u00a0 \u00a0 \u00a0 \u00a0 \u00a0 \u00a0 \u00a0 \u00a0 \u00a0 \u00a0<strong> 2 x 1. Platz<\/strong><br \/>\nB: \u00a0 \u00a0 \u00a0 \u00a0 \u00a0 \u00a0 \u00a0 \u00a0 \u00a0 \u00a0 \u00a0 \u00a0<strong> 3 x 1. Platz<\/strong><\/p>\n<p><strong>&#8218;C only&#8216;<\/strong><\/p>\n<p><span style=\"text-decoration: underline;\">Open C:<\/span><\/p>\n<p><strong>1. Platz\u00a0<\/strong>SATS Championship Show 06\/07\/13<br \/>\n<strong>3. Platz\u00a0<\/strong>Elm Park Championship Show 05\/10\/13<br \/>\n<strong>1. Platz\u00a0<\/strong>Tunbridge Wells Championship Show 26\/10\/13<em id=\"__mceDel\"><br \/>\n<\/em><strong>1. Platz<i>\u00a0<\/i><\/strong>Culverstone Open Show 17\/05\/14<\/p>\n<p>Spicy qualifiziert sich als erster deutscher Hund f\u00fcr die britische Obedience Championship C Klasse!<\/p>\n<p><span style=\"text-decoration: underline;\">Championship C:<\/span><\/p>\n<p><strong>1. Platz\u00a0<\/strong>Cambridgeshire Dog Training Club 23\/08\/14<\/p>\n<p><strong>qualifiziert f\u00fcr die Crufts Obedience Championships 2015<\/strong><\/p>\n<p>Crufts Obedience Championships 2015 Birmingham 3. Platz<br \/>\n[\/av_textblock]<\/p>\n<p>[\/av_one_half][av_one_half first]<\/p>\n<p>[av_textblock size=&#8220; font_color=&#8220; color=&#8220;]<br \/>\n<strong>HIGHLIGHTS<\/strong><\/p>\n<p><strong>September 2010<br \/>\n<\/strong>Spice gewinnt die Holl\u00e4ndischen Meisterschaften in Novice unter Kamal Fernandez<\/p>\n<p><strong>M\u00e4rz 2011<br \/>\n<\/strong>Spice wird 4. in der Einzelwertung beim Crufts Obedience World Cup in Birmingham unter Linda Rutherford<\/p>\n<p>Hier der Richterbericht dazu:<br \/>\n&#8218;4th: Dominique Ficek with de risan Extra Hot \u201cSpice\u201d<br \/>\nJudges report: In 4th Place (losing 9 \u00bc points) Dominique Ficek<br \/>\nand de Risan Extra Hot (Spice). Wow. This was an awesome display<br \/>\nfrom this little bitch. She had it all. Power, drive and commitment<br \/>\nand her heelwork position was excellent. Your footwork cost you<br \/>\ndearly Dominique but then that\u2019s Crufts. I won\u2019t ever forget your<br \/>\nlittle girl.&#8216;<\/p>\n<p><strong>September 2011<\/strong><br \/>\nSpice gewinnt die Holl\u00e4ndischen Meisterschaften in Novice unter Diane Martin<\/p>\n<p><strong>September 2012<\/strong><br \/>\nSpice gewinnt die Holl\u00e4ndischen Meisterschaften in B unter Anita Neal<\/p>\n<p>Hier der Richterbericht dazu:<br \/>\n&#8218;1st Dominique Ficek with DE RISAN EXTRA HOT, BC. Very smart handling and a dog that tries her heart out making this stylish, accurate and awesome team worthy winners. Congratulations, what a wonderful partnership. Good luck in C were I have no doubt you will soon be winning. It was an honour and a privilege to award you your final B win.&#8216;<\/p>\n<p><strong>Juli 2013<br \/>\n<\/strong>Spice gewinnt in England C und holt somit ihre erste Quali f\u00fcr die Ticket-Klasse.<\/p>\n<p><strong>Oktober 2013<br \/>\n<\/strong>Spice holt mit einem 3. Platz und einem weiteren 1. Platz die beiden n\u00e4chsten Qualis f\u00fcr die Ticket-Klasse.<\/p>\n<p><strong>M\u00e4rz 2014<br \/>\n<\/strong>Als Teammitglied des deutschen Crufts Obedience World Cup Teams sammelt\u00a0Spicy wichtige Punkte f\u00fcr das Team und sichert uns in der Mannschaftswertung den 4. Platz.<br \/>\nIn der Einzelwertung belegen wir Platz 3.<\/p>\n<p><strong>Mai 2014<br \/>\n<\/strong>Mit einem weiteren Sieg in Open C holt Spicy die letzte Qualifikation f\u00fcr die Ticketklasse.<\/p>\n<p style=\"text-align: center;\">Ab jetzt d\u00fcrfen wir in Championship C um eines der begehrten Tickets f\u00fcr die Crufts mitlaufen!<\/p>\n<p style=\"text-align: left;\"><strong>August 2014<br \/>\n<\/strong>Bei\u00a0unserem erst dritten Start in der Ticketklasse, holen Spicy und ich den Sieg&#8230; Wow!<\/p>\n<p style=\"text-align: left;\">Hier der Bericht von Richterin Jenny Lunn:<\/p>\n<p>1st and the CC to Derisan Extra Hot. BC. Well Domi, what can I say, it was an honour to award you your first ticket win at only your third attempt in ChC. Your round was simply stunning, poetry in motion, so clean, so smooth and like things that when done exceptionally well made to look easy. Spicy is a class act, stylish, balanced, willing, you are a team and work together beautifully. You will look just perfect on that green carpet in march at Crufts 2015. Congratulations and &#8217;super&#8216; !<\/p>\n<p>Ich bin so stolz!<br \/>\n[\/av_textblock]<\/p>\n<p>[\/av_one_half][av_one_half]<\/p>\n<p>[av_image src=&#8217;http:\/\/extrahot-bordercollies.de\/wp-content\/uploads\/2013\/08\/IMG_4103-300&#215;300.jpg&#8216; attachment=&#8217;2298&#8242; attachment_size=&#8217;medium&#8216; align=&#8217;center&#8216; animation=&#8217;no-animation&#8216; link=&#8220; target=&#8220; styling=&#8220; caption=&#8220; font_size=&#8220; appearance=&#8220;]<br \/>\n[av_image src=&#8217;http:\/\/extrahot-bordercollies.de\/wp-content\/uploads\/2013\/05\/IMG_5114-300&#215;199.jpg&#8216; align=&#8217;center&#8216; animation=&#8217;no-animation&#8216; link=&#8220;]<\/p>\n<p>[av_image src=&#8217;http:\/\/extrahot-bordercollies.de\/wp-content\/uploads\/2013\/05\/Spice_CC-300&#215;300.jpg&#8216; attachment=&#8217;2540&#8242; attachment_size=&#8217;medium&#8216; align=&#8217;center&#8216; animation=&#8217;no-animation&#8216; link=&#8220; target=&#8220; styling=&#8220; caption=&#8220; font_size=&#8220; appearance=&#8220;]<br \/>\n[\/av_image]<\/p>\n<p>[av_hr class=&#8217;default&#8216; height=&#8217;50&#8216; shadow=&#8217;no-shadow&#8216; position=&#8217;center&#8216; custom_border=&#8217;av-border-thin&#8216; custom_width=&#8217;50px&#8216; custom_border_color=&#8220; custom_margin_top=&#8217;30px&#8216; custom_margin_bottom=&#8217;30px&#8216; icon_select=&#8217;yes&#8216; custom_icon_color=&#8220; icon=&#8217;ue808&#8242;]<\/p>\n<p>[av_image src=&#8217;http:\/\/extrahot-bordercollies.de\/wp-content\/uploads\/2013\/05\/IMG_5114-300&#215;199.jpg&#8216; attachment=&#8217;2384&#8242; attachment_size=&#8217;medium&#8216; align=&#8217;center&#8216; animation=&#8217;no-animation&#8216; link=&#8220; target=&#8220; styling=&#8220; caption=&#8220; font_size=&#8220; appearance=&#8220;][\/av_image]<\/p>\n<p>[av_hr class=&#8217;default&#8216; height=&#8217;50&#8216; shadow=&#8217;no-shadow&#8216; position=&#8217;center&#8216; custom_border=&#8217;av-border-thin&#8216; custom_width=&#8217;50px&#8216; custom_border_color=&#8220; custom_margin_top=&#8217;30px&#8216; custom_margin_bottom=&#8217;30px&#8216; icon_select=&#8217;yes&#8216; custom_icon_color=&#8220; icon=&#8217;ue808&#8242;]<\/p>\n<p>[av_image src=&#8217;http:\/\/extrahot-bordercollies.de\/wp-content\/uploads\/2011\/03\/Schleife-225&#215;300.jpg&#8216; attachment=&#8217;1031&#8242; attachment_size=&#8217;medium&#8216; align=&#8217;center&#8216; animation=&#8217;no-animation&#8216; link=&#8220; target=&#8220; styling=&#8220; caption=&#8220; font_size=&#8220; appearance=&#8220;][\/av_image]<\/p>\n<p>[av_hr class=&#8217;default&#8216; height=&#8217;50&#8216; shadow=&#8217;no-shadow&#8216; position=&#8217;center&#8216; custom_border=&#8217;av-border-thin&#8216; custom_width=&#8217;50px&#8216; custom_border_color=&#8220; custom_margin_top=&#8217;30px&#8216; custom_margin_bottom=&#8217;30px&#8216; icon_select=&#8217;yes&#8216; custom_icon_color=&#8220; icon=&#8217;ue808&#8242;]<\/p>\n<p>[av_image src=&#8217;http:\/\/extrahot-bordercollies.de\/wp-content\/uploads\/2013\/05\/Spice_CC-300&#215;300.jpg&#8216; attachment=&#8217;2540&#8242; attachment_size=&#8217;medium&#8216; align=&#8217;center&#8216; animation=&#8217;no-animation&#8216; link=&#8220; target=&#8220; styling=&#8220; caption=&#8220; font_size=&#8220; appearance=&#8220;][\/av_image]<\/p>\n<p>[\/av_one_half][av_hr class=&#8217;default&#8216; height=&#8217;50&#8216; shadow=&#8217;no-shadow&#8216; position=&#8217;center&#8216; custom_border=&#8217;av-border-thin&#8216; custom_width=&#8217;50px&#8216; custom_border_color=&#8220; custom_margin_top=&#8217;30px&#8216; custom_margin_bottom=&#8217;30px&#8216; icon_select=&#8217;yes&#8216; custom_icon_color=&#8220; icon=&#8217;ue808&#8242;]<\/p>\n<p>[av_one_half first]<\/p>\n<p>[av_image src=&#8217;http:\/\/extrahot-bordercollies.de\/wp-content\/uploads\/2013\/05\/IMG_9584-300&#215;200.jpg&#8216; attachment=&#8217;2747&#8242; attachment_size=&#8217;medium&#8216; align=&#8217;center&#8216; animation=&#8217;no-animation&#8216; link=&#8220; target=&#8220; styling=&#8220; caption=&#8220; font_size=&#8220; appearance=&#8220;][\/av_image]<\/p>\n<p>[\/av_one_half][av_one_half]<\/p>\n<p>[av_textblock size=&#8220; font_color=&#8220; color=&#8220;]<br \/>\n<strong>M\u00e4rz 2015<br \/>\n<\/strong>Spicy l\u00e4uft bei ihrem ersten Auftritt auf den Crufts Championships der H\u00fcndinnen eine fantastische Runde und wir m\u00fcssen am sp\u00e4ten Nachmittag ins Run-Off um das Reserve CC. Entschieden wird durch die Fu\u00dfarbeit und am Ende ist es nur noch eine Stilfrage. Spicy und ich belegen einen gro\u00dfartigen 3. Platz!<br \/>\n[\/av_textblock]<\/p>\n<p>[\/av_one_half][av_one_full first]<\/p>\n<p>[av_gallery ids=&#8217;2212,2213,2214,2385,2384&#8242; style=&#8217;thumbnails&#8216; preview_size=&#8217;portfolio&#8216; thumb_size=&#8217;portfolio&#8216; columns=&#8217;3&#8242; imagelink=&#8217;lightbox&#8216;]<\/p>\n<p>[\/av_one_full]<br \/>\n[\/av_section]<\/p>\n<p>[av_one_full first min_height=&#8220; vertical_alignment=&#8220; space=&#8220; custom_margin=&#8220; margin=&#8217;0px&#8216; padding=&#8217;0px&#8216; border=&#8220; border_color=&#8220; radius=&#8217;0px&#8216; background_color=&#8220; src=&#8220; background_position=&#8217;top left&#8216; background_repeat=&#8217;no-repeat&#8216; animation=&#8220; mobile_display=&#8220;]<\/p>\n<p>[av_textblock size=&#8220; font_color=&#8220; color=&#8220;]<br \/>\n<strong>Update 2017<\/strong><\/p>\n<p>Spicy und ich sind\u00a0letztes Jahr einige Male in England gestartet. Leider hat es nicht f\u00fcr ein Ticket gereicht. Bedingt durch meine Babypause hatte Spicy wirklich deutlich zu wenig Training und lief trotzdem einfach traumhaft. Unsere Wackel\u00fcbung die Distanzkontrolle haben wir leider immer noch nicht komplett im Griff und sie kostete uns das eine oder andere Ticket&#8230; autsch&#8230;<\/p>\n<p>Den Winter habe ich genutzt um viel an der Distanzkontrolle zu arbeiten und die anderen \u00dcbungen auf dem Standard zu halten. Ich freue mich riesig auf die neue Saison und auch wenn Spicy dieses Jahr schon 9 Jahre alt wird, ist sie topfit und ich hoffe sehr, dass wir noch einmal ein Ticket (oder noch lieber 2) gewinnen k\u00f6nnen. Keep on dreaming!<br \/>\n[\/av_textblock]<\/p>\n<p>[\/av_one_full]<\/p>\n","protected":false},"excerpt":{"rendered":"<p>[av_section color=&#8217;main_color&#8216; custom_bg=&#8220; src=&#8220; position=&#8217;top left&#8216; repeat=&#8217;no-repeat&#8216; attach=&#8217;scroll&#8216; padding=&#8217;default&#8216; shadow=&#8217;no-shadow&#8216;] [av_one_half first] [av_image src=&#8217;http:\/\/extrahot-bordercollies.de\/wp-content\/uploads\/2012\/11\/Spicy_DOS-186&#215;300.jpg&#8216; attachment=&#8217;1344&#8242; attachment_size=&#8217;medium&#8216; align=&#8217;center&#8216; animation=&#8217;no-animation&#8216; link=&#8220; target=&#8220; styling=&#8220; caption=&#8220; font_size=&#8220; appearance=&#8220;] Crufts 2014 [\/av_image] [av_image src=&#8217;http:\/\/extrahot-bordercollies.de\/wp-content\/uploads\/2013\/05\/20110313_151049-200&#215;300.jpg&#8216; attachment=&#8217;1775&#8242; attachment_size=&#8217;medium&#8216; align=&#8217;center&#8216; animation=&#8217;no-animation&#8216; link=&#8220; target=&#8220; styling=&#8220; caption=&#8220; font_size=&#8220; appearance=&#8217;on-hover&#8216;] Crufts 2011 [\/av_image] [av_image src=&#8217;http:\/\/extrahot-bordercollies.de\/wp-content\/uploads\/2013\/05\/IMG_5115-200&#215;300.jpg&#8216; attachment=&#8217;2385&#8242; attachment_size=&#8217;medium&#8216; align=&#8217;center&#8216; animation=&#8217;no-animation&#8216; link=&#8220; target=&#8220; styling=&#8220; caption=&#8220; font_size=&#8220; appearance=&#8220;] Crufts [&hellip;]<\/p>\n","protected":false},"author":2,"featured_media":0,"parent":1742,"menu_order":1,"comment_status":"open","ping_status":"closed","template":"","meta":{"footnotes":""},"class_list":["post-1770","page","type-page","status-publish","hentry"],"_links":{"self":[{"href":"https:\/\/extrahot-bordercollies.de\/index.php?rest_route=\/wp\/v2\/pages\/1770","targetHints":{"allow":["GET"]}}],"collection":[{"href":"https:\/\/extrahot-bordercollies.de\/index.php?rest_route=\/wp\/v2\/pages"}],"about":[{"href":"https:\/\/extrahot-bordercollies.de\/index.php?rest_route=\/wp\/v2\/types\/page"}],"author":[{"embeddable":true,"href":"https:\/\/extrahot-bordercollies.de\/index.php?rest_route=\/wp\/v2\/users\/2"}],"replies":[{"embeddable":true,"href":"https:\/\/extrahot-bordercollies.de\/index.php?rest_route=%2Fwp%2Fv2%2Fcomments&post=1770"}],"version-history":[{"count":34,"href":"https:\/\/extrahot-bordercollies.de\/index.php?rest_route=\/wp\/v2\/pages\/1770\/revisions"}],"predecessor-version":[{"id":3141,"href":"https:\/\/extrahot-bordercollies.de\/index.php?rest_route=\/wp\/v2\/pages\/1770\/revisions\/3141"}],"up":[{"embeddable":true,"href":"https:\/\/extrahot-bordercollies.de\/index.php?rest_route=\/wp\/v2\/pages\/1742"}],"wp:attachment":[{"href":"https:\/\/extrahot-bordercollies.de\/index.php?rest_route=%2Fwp%2Fv2%2Fmedia&parent=1770"}],"curies":[{"name":"wp","href":"https:\/\/api.w.org\/{rel}","templated":true}]}}